{"id":204,"date":"2022-02-02T15:43:49","date_gmt":"2022-02-02T14:43:49","guid":{"rendered":"http:\/\/kia-kaha.fr\/?page_id=204"},"modified":"2022-03-14T14:25:28","modified_gmt":"2022-03-14T13:25:28","slug":"humanitaire-et-developpement-rse","status":"publish","type":"page","link":"https:\/\/kia-kaha.fr\/?page_id=204","title":{"rendered":"HUMANITAIRE ET DEVELOPPEMENT RSE"},"content":{"rendered":"\n<div class=\"wp-block-columns alignwide grandintroRSE is-layout-flex wp-container-core-columns-is-layout-9d6595d7 wp-block-columns-is-layout-flex\">\n<div class=\"wp-block-column is-layout-flow wp-block-column-is-layout-flow\">\n<div class=\"wp-block-columns is-layout-flex wp-container-core-columns-is-layout-9d6595d7 wp-block-columns-is-layout-flex\">\n<div class=\"wp-block-column is-layout-flow wp-block-column-is-layout-flow\" style=\"flex-basis:55%\"><\/div>\n\n\n\n<div class=\"wp-block-column is-layout-flow wp-block-column-is-layout-flow\" style=\"flex-basis:45%\">\n<div class=\"PetitblocIntro2\">\n<h1>HUMANITAIRE ET DEVELOPPEMENT RSE <\/h1>\n<p>L\u2019association de loi 1901 a pour but classique de venir en aide aux populations dans le besoin, autour de th\u00e8mes forts que sont l\u2019Education, la Sant\u00e9, l\u2019Environnement ou la Coh\u00e9sion Sociale dans le sport.\n\n<\/p>\n<\/div>\n<\/div>\n<\/div>\n<\/div>\n<\/div>\n\n\n\n<div class=\"wp-block-columns alignwide is-layout-flex wp-container-core-columns-is-layout-9d6595d7 wp-block-columns-is-layout-flex\">\n<div class=\"wp-block-column is-layout-flow wp-block-column-is-layout-flow\" style=\"flex-basis:55%\">\n<p class=\"SecondParagraphe\">Ainsi, la cr\u00e9ation des structures KIA KAHA repr\u00e9sente en quelques sortes la naissance de jumeaux : identiques mais pourtant si diff\u00e9rents et compl\u00e9mentaires. En effet l\u2019expertise de l\u2019agence de consulting ne serait rien sans l\u2019humanit\u00e9 de l\u2019association, et ce r\u00e9ciproquement\u2026 <br>\nAvec des actions concr\u00e8tes d\u2019ores et d\u00e9j\u00e0 engag\u00e9es sur le terrain et notamment au Kenya, KIA KAHA offre des passerelles simples d\u2019acc\u00e8s pour s\u2019impliquer sur de telles \u0153uvres et ainsi mettre en place une politique RSE personnalis\u00e9e et finement cibl\u00e9e.\n<ul class=\"listenvironnement\">\n<li><STRONG>ENVIRONNEMENT<\/strong> : contribuer \u00e0 la reforestation, au nettoyage des lacs et oc\u00e9ans et bien d\u2019autres actions pour lutter contre le r\u00e9chauffement climatique <\/li>\n<li><STRONG>EDUCATION<\/strong> : apporter les ressources mat\u00e9rielles et humaines pour permettre aux jeunes g\u00e9n\u00e9rations d\u2019\u00eatre form\u00e9es dans de bonnes conditions : collecte de fournitures scolaires, construction\/r\u00e9habilitation d\u2019\u00e9tablissements, couverture des frais de cantine.. <\/li>\n<li><STRONG>COHESION SOCIALE PAR LE SPORT<\/strong> : apporter les ressources mat\u00e9rielles et humaines pour permettre la pratique du sport et l\u2019int\u00e9gration qui va de pair <\/li>\n<li><STRONG>SANTE<\/strong> : contribuer \u00e0 lutter contre des maladies tels le VIH ou la malaria par la mise \u00e0 disposition de dispositifs pr\u00e9ventifs ou curatifs, mais aussi assurer un suivi social sur les cons\u00e9quences de la maladie aupr\u00e8s des veuves, orphelins etc <\/li>\n<\/ul>\n <\/p>\n<\/div>\n\n\n\n<div class=\"wp-block-column is-layout-flow wp-block-column-is-layout-flow\" style=\"flex-basis:45%\">\n<figure class=\"wp-block-image size-large\"><img loading=\"lazy\" decoding=\"async\" width=\"684\" height=\"1024\" src=\"http:\/\/kia-kaha.fr\/wp-content\/uploads\/2022\/02\/VincentRSE2-684x1024.png\" alt=\"\" class=\"wp-image-261\" srcset=\"https:\/\/kia-kaha.fr\/wp-content\/uploads\/2022\/02\/VincentRSE2-684x1024.png 684w, https:\/\/kia-kaha.fr\/wp-content\/uploads\/2022\/02\/VincentRSE2-200x300.png 200w, https:\/\/kia-kaha.fr\/wp-content\/uploads\/2022\/02\/VincentRSE2-768x1150.png 768w, https:\/\/kia-kaha.fr\/wp-content\/uploads\/2022\/02\/VincentRSE2.png 780w\" sizes=\"auto, (max-width: 684px) 100vw, 684px\" \/><\/figure>\n<\/div>\n<\/div>\n\n\n\n<div class=\"wp-block-columns alignwide FondRSE is-layout-flex wp-container-core-columns-is-layout-9d6595d7 wp-block-columns-is-layout-flex\">\n<div class=\"wp-block-column is-layout-flow wp-block-column-is-layout-flow\">\n<p class=\"SecondParagrapheActives\"><strong>KIA KAHA propose donc de dessiner votre politique RSE en lui donnant du sens et surtout en l\u2019harmonisant avec les valeurs et les vocations propres \u00e0 votre entreprise.\nAu-del\u00e0 des projets existants qu\u2019il est facile de rejoindre, il est aussi possible de travailler sur un projet sur-mesure \u00e0 l\u2019\u00e9coute de vos aspirations. <br>\nKIA KAHA propose aussi d\u2019aller plus loin au travers d\u2019une immersion grandeur nature pour prendre part \u00e0 des actions humanitaires r\u00e9guli\u00e8res sur le terrain aupr\u00e8s des structures et associations partenaires. <br>\n\nActuellement KIA KAHA propose des missions humanitaires dans la province d\u2019HomaBay au Kenya\u2026\u2026\u2026\n<\/strong>\n<\/p>\n\n.<p><\/p>\n<\/div>\n<\/div>\n\n\n\n<div class=\"wp-block-columns alignwide is-layout-flex wp-container-core-columns-is-layout-9d6595d7 wp-block-columns-is-layout-flex\">\n<div class=\"wp-block-column is-layout-flow wp-block-column-is-layout-flow\" style=\"flex-basis:100%\">\n<h2 class=\"confiance\" id=\"confianceRSE\"> \u00a0Ils nous ont soutenu <\/h2>\n<\/div>\n<\/div>\n\n\n\n<div class=\"wp-block-image\"><figure class=\"aligncenter size-full\"><img loading=\"lazy\" decoding=\"async\" width=\"200\" height=\"200\" src=\"http:\/\/kia-kaha.fr\/wp-content\/uploads\/2022\/02\/Logo-Mcom.jpg\" alt=\"\" class=\"wp-image-216\" srcset=\"https:\/\/kia-kaha.fr\/wp-content\/uploads\/2022\/02\/Logo-Mcom.jpg 200w, https:\/\/kia-kaha.fr\/wp-content\/uploads\/2022\/02\/Logo-Mcom-150x150.jpg 150w\" sizes=\"auto, (max-width: 200px) 100vw, 200px\" \/><\/figure><\/div>\n\n\n\n<p><\/p>\n","protected":false},"excerpt":{"rendered":"<p>HUMANITAIRE ET DEVELOPPEMENT RSE L\u2019association de loi 1901 a pour but classique de venir en aide aux populations dans le besoin, autour de th\u00e8mes forts que sont l\u2019Education, la Sant\u00e9, l\u2019Environnement ou la Coh\u00e9sion Sociale dans le sport. Ainsi, la cr\u00e9ation des structures KIA KAHA repr\u00e9sente en quelques sortes la naissance de jumeaux : identiques&hellip; <a class=\"more-link\" href=\"https:\/\/kia-kaha.fr\/?page_id=204\">Poursuivre la lecture <span class=\"screen-reader-text\">HUMANITAIRE ET DEVELOPPEMENT RSE<\/span><\/a><\/p>\n","protected":false},"author":1,"featured_media":0,"parent":0,"menu_order":0,"comment_status":"closed","ping_status":"closed","template":"PageVincent.php","meta":{"_eb_attr":"","footnotes":""},"class_list":["post-204","page","type-page","status-publish","hentry","entry"],"yoast_head":"<!-- This site is optimized with the Yoast SEO plugin v18.0 - https:\/\/yoast.com\/wordpress\/plugins\/seo\/ -->\n<title>Humanitaire et d\u00e9veloppement RSE | Association Kia Kaha<\/title>\n<meta name=\"description\" content=\"Environnement, \u00e9ducation, Coh\u00e9sion sociale par le sport, sant\u00e9. KIA KAHA dessine votre politique RSE en lui donnant du sens.\" \/>\n<meta name=\"robots\" content=\"index, follow, max-snippet:-1, max-image-preview:large, max-video-preview:-1\" \/>\n<link rel=\"canonical\" href=\"https:\/\/kia-kaha.fr\/?page_id=204\" \/>\n<meta property=\"og:locale\" content=\"fr_FR\" \/>\n<meta property=\"og:type\" content=\"article\" \/>\n<meta property=\"og:title\" content=\"Humanitaire et d\u00e9veloppement RSE | Association Kia Kaha\" \/>\n<meta property=\"og:description\" content=\"Environnement, \u00e9ducation, Coh\u00e9sion sociale par le sport, sant\u00e9. KIA KAHA dessine votre politique RSE en lui donnant du sens.\" \/>\n<meta property=\"og:url\" content=\"https:\/\/kia-kaha.fr\/?page_id=204\" \/>\n<meta property=\"og:site_name\" content=\"Kia Kaha\" \/>\n<meta property=\"article:modified_time\" content=\"2022-03-14T13:25:28+00:00\" \/>\n<meta property=\"og:image\" content=\"http:\/\/kia-kaha.fr\/wp-content\/uploads\/2022\/02\/VincentRSE2-684x1024.png\" \/>\n<meta name=\"twitter:card\" content=\"summary_large_image\" \/>\n<meta name=\"twitter:label1\" content=\"Dur\u00e9e de lecture estim\u00e9e\" \/>\n\t<meta name=\"twitter:data1\" content=\"3 minutes\" \/>\n<script type=\"application\/ld+json\" class=\"yoast-schema-graph\">{\"@context\":\"https:\/\/schema.org\",\"@graph\":[{\"@type\":\"WebSite\",\"@id\":\"https:\/\/kia-kaha.fr\/#website\",\"url\":\"https:\/\/kia-kaha.fr\/\",\"name\":\"Kia Kaha\",\"description\":\"Slogan Vincent\",\"potentialAction\":[{\"@type\":\"SearchAction\",\"target\":{\"@type\":\"EntryPoint\",\"urlTemplate\":\"https:\/\/kia-kaha.fr\/?s={search_term_string}\"},\"query-input\":\"required name=search_term_string\"}],\"inLanguage\":\"fr-FR\"},{\"@type\":\"ImageObject\",\"@id\":\"https:\/\/kia-kaha.fr\/?page_id=204#primaryimage\",\"inLanguage\":\"fr-FR\",\"url\":\"http:\/\/kia-kaha.fr\/wp-content\/uploads\/2022\/02\/VincentRSE2-684x1024.png\",\"contentUrl\":\"http:\/\/kia-kaha.fr\/wp-content\/uploads\/2022\/02\/VincentRSE2-684x1024.png\"},{\"@type\":\"WebPage\",\"@id\":\"https:\/\/kia-kaha.fr\/?page_id=204#webpage\",\"url\":\"https:\/\/kia-kaha.fr\/?page_id=204\",\"name\":\"Humanitaire et d\u00e9veloppement RSE | Association Kia Kaha\",\"isPartOf\":{\"@id\":\"https:\/\/kia-kaha.fr\/#website\"},\"primaryImageOfPage\":{\"@id\":\"https:\/\/kia-kaha.fr\/?page_id=204#primaryimage\"},\"datePublished\":\"2022-02-02T14:43:49+00:00\",\"dateModified\":\"2022-03-14T13:25:28+00:00\",\"description\":\"Environnement, \u00e9ducation, Coh\u00e9sion sociale par le sport, sant\u00e9. KIA KAHA dessine votre politique RSE en lui donnant du sens.\",\"breadcrumb\":{\"@id\":\"https:\/\/kia-kaha.fr\/?page_id=204#breadcrumb\"},\"inLanguage\":\"fr-FR\",\"potentialAction\":[{\"@type\":\"ReadAction\",\"target\":[\"https:\/\/kia-kaha.fr\/?page_id=204\"]}]},{\"@type\":\"BreadcrumbList\",\"@id\":\"https:\/\/kia-kaha.fr\/?page_id=204#breadcrumb\",\"itemListElement\":[{\"@type\":\"ListItem\",\"position\":1,\"name\":\"Accueil\",\"item\":\"https:\/\/kia-kaha.fr\/\"},{\"@type\":\"ListItem\",\"position\":2,\"name\":\"HUMANITAIRE ET DEVELOPPEMENT RSE\"}]}]}<\/script>\n<!-- \/ Yoast SEO plugin. -->","yoast_head_json":{"title":"Humanitaire et d\u00e9veloppement RSE | Association Kia Kaha","description":"Environnement, \u00e9ducation, Coh\u00e9sion sociale par le sport, sant\u00e9. KIA KAHA dessine votre politique RSE en lui donnant du sens.","robots":{"index":"index","follow":"follow","max-snippet":"max-snippet:-1","max-image-preview":"max-image-preview:large","max-video-preview":"max-video-preview:-1"},"canonical":"https:\/\/kia-kaha.fr\/?page_id=204","og_locale":"fr_FR","og_type":"article","og_title":"Humanitaire et d\u00e9veloppement RSE | Association Kia Kaha","og_description":"Environnement, \u00e9ducation, Coh\u00e9sion sociale par le sport, sant\u00e9. KIA KAHA dessine votre politique RSE en lui donnant du sens.","og_url":"https:\/\/kia-kaha.fr\/?page_id=204","og_site_name":"Kia Kaha","article_modified_time":"2022-03-14T13:25:28+00:00","og_image":[{"url":"http:\/\/kia-kaha.fr\/wp-content\/uploads\/2022\/02\/VincentRSE2-684x1024.png"}],"twitter_card":"summary_large_image","twitter_misc":{"Dur\u00e9e de lecture estim\u00e9e":"3 minutes"},"schema":{"@context":"https:\/\/schema.org","@graph":[{"@type":"WebSite","@id":"https:\/\/kia-kaha.fr\/#website","url":"https:\/\/kia-kaha.fr\/","name":"Kia Kaha","description":"Slogan Vincent","potentialAction":[{"@type":"SearchAction","target":{"@type":"EntryPoint","urlTemplate":"https:\/\/kia-kaha.fr\/?s={search_term_string}"},"query-input":"required name=search_term_string"}],"inLanguage":"fr-FR"},{"@type":"ImageObject","@id":"https:\/\/kia-kaha.fr\/?page_id=204#primaryimage","inLanguage":"fr-FR","url":"http:\/\/kia-kaha.fr\/wp-content\/uploads\/2022\/02\/VincentRSE2-684x1024.png","contentUrl":"http:\/\/kia-kaha.fr\/wp-content\/uploads\/2022\/02\/VincentRSE2-684x1024.png"},{"@type":"WebPage","@id":"https:\/\/kia-kaha.fr\/?page_id=204#webpage","url":"https:\/\/kia-kaha.fr\/?page_id=204","name":"Humanitaire et d\u00e9veloppement RSE | Association Kia Kaha","isPartOf":{"@id":"https:\/\/kia-kaha.fr\/#website"},"primaryImageOfPage":{"@id":"https:\/\/kia-kaha.fr\/?page_id=204#primaryimage"},"datePublished":"2022-02-02T14:43:49+00:00","dateModified":"2022-03-14T13:25:28+00:00","description":"Environnement, \u00e9ducation, Coh\u00e9sion sociale par le sport, sant\u00e9. KIA KAHA dessine votre politique RSE en lui donnant du sens.","breadcrumb":{"@id":"https:\/\/kia-kaha.fr\/?page_id=204#breadcrumb"},"inLanguage":"fr-FR","potentialAction":[{"@type":"ReadAction","target":["https:\/\/kia-kaha.fr\/?page_id=204"]}]},{"@type":"BreadcrumbList","@id":"https:\/\/kia-kaha.fr\/?page_id=204#breadcrumb","itemListElement":[{"@type":"ListItem","position":1,"name":"Accueil","item":"https:\/\/kia-kaha.fr\/"},{"@type":"ListItem","position":2,"name":"HUMANITAIRE ET DEVELOPPEMENT RSE"}]}]}},"_links":{"self":[{"href":"https:\/\/kia-kaha.fr\/index.php?rest_route=\/wp\/v2\/pages\/204","targetHints":{"allow":["GET"]}}],"collection":[{"href":"https:\/\/kia-kaha.fr\/index.php?rest_route=\/wp\/v2\/pages"}],"about":[{"href":"https:\/\/kia-kaha.fr\/index.php?rest_route=\/wp\/v2\/types\/page"}],"author":[{"embeddable":true,"href":"https:\/\/kia-kaha.fr\/index.php?rest_route=\/wp\/v2\/users\/1"}],"replies":[{"embeddable":true,"href":"https:\/\/kia-kaha.fr\/index.php?rest_route=%2Fwp%2Fv2%2Fcomments&post=204"}],"version-history":[{"count":22,"href":"https:\/\/kia-kaha.fr\/index.php?rest_route=\/wp\/v2\/pages\/204\/revisions"}],"predecessor-version":[{"id":509,"href":"https:\/\/kia-kaha.fr\/index.php?rest_route=\/wp\/v2\/pages\/204\/revisions\/509"}],"wp:attachment":[{"href":"https:\/\/kia-kaha.fr\/index.php?rest_route=%2Fwp%2Fv2%2Fmedia&parent=204"}],"curies":[{"name":"wp","href":"https:\/\/api.w.org\/{rel}","templated":true}]}}