{"id":90,"date":"2022-01-30T15:27:45","date_gmt":"2022-01-30T14:27:45","guid":{"rendered":"http:\/\/kia-kaha.fr\/?page_id=90"},"modified":"2022-03-14T13:58:09","modified_gmt":"2022-03-14T12:58:09","slug":"histoire","status":"publish","type":"page","link":"https:\/\/kia-kaha.fr\/?page_id=90","title":{"rendered":"Histoire"},"content":{"rendered":"\n<div class=\"wp-block-columns alignwide grandintroHistoire is-layout-flex wp-container-core-columns-is-layout-9d6595d7 wp-block-columns-is-layout-flex\">\n<div class=\"wp-block-column is-layout-flow wp-block-column-is-layout-flow\">\n<div class=\"wp-block-columns is-layout-flex wp-container-core-columns-is-layout-9d6595d7 wp-block-columns-is-layout-flex\">\n<div class=\"wp-block-column is-layout-flow wp-block-column-is-layout-flow\" style=\"flex-basis:55%\"><\/div>\n\n\n\n<div class=\"wp-block-column is-layout-flow wp-block-column-is-layout-flow\" style=\"flex-basis:45%\">\n<div class=\"PetitblocIntro\">\n<h1>HISTOIRE<\/h1>\n<p>KIA KAHA a \u00e9t\u00e9 fond\u00e9 en 2021 par Vincent DELMAS ; Apr\u00e8s plus de 15 ans pass\u00e9s dans l\u2019Ev\u00e9nementiel Sportif, ce dernier a d\u00e9cid\u00e9 de renoncer \u00e0 son poste de Directeur du Programme Voyages Officiel Coupe du Monde France 2023 apr\u00e8s en avoir assur\u00e9 la mise en place et assur\u00e9 un succ\u00e8s historiquement jamais \u00e9gal\u00e9..<\/p>\n<\/div>\n<\/div>\n<\/div>\n<\/div>\n<\/div>\n\n\n\n<div class=\"wp-block-columns alignwide fondFormation is-layout-flex wp-container-core-columns-is-layout-9d6595d7 wp-block-columns-is-layout-flex\">\n<div class=\"wp-block-column is-layout-flow wp-block-column-is-layout-flow\">\n<p class=\"SecondParagrapheActives\">Cette d\u00e9cision s\u2019impose certainement comme la fin d\u2019un cycle, apr\u00e8s plus de 10 ans au sein du Groupe Couleur, associ\u00e9 au contexte de crise sanitaire sans pr\u00e9c\u00e9dent \u2013 il en r\u00e9sulte une volont\u00e9 de s\u2019aligner \u00e0 nouveau avec ses valeurs afin de b\u00e9n\u00e9ficier d\u2019une suite de carri\u00e8re plus \u00e9quilibr\u00e9e et ayant davantage de sens humainement parlant. Cette r\u00e9flexion conduira Vincent au Kenya pour y effectuer une mission humanitaire de 3 mois autour des th\u00e8mes forts que sont l\u2019Education, l\u2019Environnement, la Sant\u00e9 et la Coh\u00e9sion Sociale par le Sport \u2013 le projet dans le projet \u00e9tant la cr\u00e9ation et le d\u00e9veloppement d\u2019une \u00e9quipe de rugby avec les jeunes issus des bidonvilles. Cette exp\u00e9rience sera naturellement un v\u00e9ritable catalyseur qui aura un impact bien plus important qu\u2019il n\u2019aurait pu l\u2019anticiper.\n<br><br><br>\n\nUn v\u00e9ritable bouleversement profond qui conduira finalement \u00e0 la cr\u00e9ation d\u2019une association pour p\u00e9renniser les actions men\u00e9es sur place, puis celle de la soci\u00e9t\u00e9 pour poursuivre dans l\u2019\u00e9v\u00e9nementiel sportif, mais avec une approche plus humaine et sensible. A ces comp\u00e9tences de gestion de projets, Vincent ajoutera rapidement ses aspirations personnelles et sa vocation \u00e0 transmettre, partager ses exp\u00e9riences, motiver\u2026 avec notamment une implication pouss\u00e9e aupr\u00e8s des jeunes. C\u2019est cette alchimie qui permettra \u00e0 KIA KAHA de voir le jour et de proposer ses diverses activit\u00e9s actuelles, toutes articul\u00e9es autour d\u2019un \u00e9tat d\u2019esprit collectif et orient\u00e9es vers l\u2019\u00e9panouissement et le d\u00e9veloppement personnel.\n<\/p>\n<\/div>\n<\/div>\n\n\n\n<h2 class=\"confiance\"> Ils nous font confiance <\/h2>\n\n\n\n<figure class=\"wp-block-image alignwide size-full\"><img loading=\"lazy\" decoding=\"async\" width=\"920\" height=\"108\" src=\"http:\/\/kia-kaha.fr\/wp-content\/uploads\/2022\/02\/LogosPartenairesActivites.jpg\" alt=\"\" class=\"wp-image-170\" srcset=\"https:\/\/kia-kaha.fr\/wp-content\/uploads\/2022\/02\/LogosPartenairesActivites.jpg 920w, https:\/\/kia-kaha.fr\/wp-content\/uploads\/2022\/02\/LogosPartenairesActivites-300x35.jpg 300w, https:\/\/kia-kaha.fr\/wp-content\/uploads\/2022\/02\/LogosPartenairesActivites-768x90.jpg 768w\" sizes=\"auto, (max-width: 920px) 100vw, 920px\" \/><\/figure>\n\n\n\n<div class=\"wp-block-columns alignfull is-layout-flex wp-container-core-columns-is-layout-9d6595d7 wp-block-columns-is-layout-flex\" id=\"banniereCitation2\">\n<div class=\"wp-block-column is-layout-flow wp-block-column-is-layout-flow\">\n<div class=\"wp-block-columns is-layout-flex wp-container-core-columns-is-layout-9d6595d7 wp-block-columns-is-layout-flex\">\n<div class=\"wp-block-column is-layout-flow wp-block-column-is-layout-flow\">\n<p class=\"has-text-align-center has-large-font-size\">\u00ab Le rugby, c\u2019est l\u2019histoire d\u2019un ballon avec des copains autour\u2026 et quand il n\u2019y a plus de ballon, il reste les copains \u00bb <br><strong>Jean-Pierre RIVES <\/strong> <\/p>\n<\/div>\n\n\n\n<div class=\"wp-block-column is-layout-flow wp-block-column-is-layout-flow\">\n<p class=\"has-text-align-center has-large-font-size\">\u201cAu rugby tout le monde regarde l\u2019\u00e9quipe, personne ne regarde le ballon. Or, l\u2019important c\u2019est le ballon, c\u2019est lui qui fait l\u2019\u00e9quipe\u00bb <br><strong>Michel SERRES <\/strong><\/p>\n<\/div>\n\n\n\n<div class=\"wp-block-column is-layout-flow wp-block-column-is-layout-flow\">\n<p class=\"has-text-align-center has-large-font-size\">\u00ab J\u2019ai longtemps arpent\u00e9 les chemins de l\u2019Ovalie, le territoire sans fronti\u00e8re du rugby amateur\u2026C\u2019est un monde o\u00f9 l\u2019on se rencontre plus que l\u2019on ne se croise \u00bb \n <br><strong>Daniel HERRERO<\/strong>\n<\/p>\n<\/div>\n\n\n\n<div class=\"wp-block-column is-layout-flow wp-block-column-is-layout-flow\">\n<p class=\"has-text-align-center has-large-font-size\">\u00ab Dans une \u00e9quipe de rugby, il n\u2019y a pas de passagers, il n\u2019y a qu\u2019un \u00e9quipage \u00bb<br><strong>Pierre VILLEPREUX<\/strong>  <\/p>\n<\/div>\n<\/div>\n<\/div>\n<\/div>\n","protected":false},"excerpt":{"rendered":"<p>HISTOIRE KIA KAHA a \u00e9t\u00e9 fond\u00e9 en 2021 par Vincent DELMAS ; Apr\u00e8s plus de 15 ans pass\u00e9s dans l\u2019Ev\u00e9nementiel Sportif, ce dernier a d\u00e9cid\u00e9 de renoncer \u00e0 son poste de Directeur du Programme Voyages Officiel Coupe du Monde France 2023 apr\u00e8s en avoir assur\u00e9 la mise en place et assur\u00e9 un succ\u00e8s historiquement jamais&hellip; <a class=\"more-link\" href=\"https:\/\/kia-kaha.fr\/?page_id=90\">Poursuivre la lecture <span class=\"screen-reader-text\">Histoire<\/span><\/a><\/p>\n","protected":false},"author":1,"featured_media":0,"parent":0,"menu_order":0,"comment_status":"closed","ping_status":"closed","template":"PageVincent.php","meta":{"_eb_attr":"","footnotes":""},"class_list":["post-90","page","type-page","status-publish","hentry","entry"],"yoast_head":"<!-- This site is optimized with the Yoast SEO plugin v18.0 - https:\/\/yoast.com\/wordpress\/plugins\/seo\/ -->\n<title>Histoire - Kia Kaha<\/title>\n<meta name=\"robots\" content=\"index, follow, max-snippet:-1, max-image-preview:large, max-video-preview:-1\" \/>\n<link rel=\"canonical\" href=\"https:\/\/kia-kaha.fr\/?page_id=90\" \/>\n<meta property=\"og:locale\" content=\"fr_FR\" \/>\n<meta property=\"og:type\" content=\"article\" \/>\n<meta property=\"og:title\" content=\"Histoire - Kia Kaha\" \/>\n<meta property=\"og:description\" content=\"HISTOIRE KIA KAHA a \u00e9t\u00e9 fond\u00e9 en 2021 par Vincent DELMAS ; Apr\u00e8s plus de 15 ans pass\u00e9s dans l\u2019Ev\u00e9nementiel Sportif, ce dernier a d\u00e9cid\u00e9 de renoncer \u00e0 son poste de Directeur du Programme Voyages Officiel Coupe du Monde France 2023 apr\u00e8s en avoir assur\u00e9 la mise en place et assur\u00e9 un succ\u00e8s historiquement jamais&hellip; Poursuivre la lecture Histoire\" \/>\n<meta property=\"og:url\" content=\"https:\/\/kia-kaha.fr\/?page_id=90\" \/>\n<meta property=\"og:site_name\" content=\"Kia Kaha\" \/>\n<meta property=\"article:modified_time\" content=\"2022-03-14T12:58:09+00:00\" \/>\n<meta property=\"og:image\" content=\"http:\/\/kia-kaha.fr\/wp-content\/uploads\/2022\/02\/LogosPartenairesActivites.jpg\" \/>\n<meta name=\"twitter:card\" content=\"summary_large_image\" \/>\n<meta name=\"twitter:label1\" content=\"Dur\u00e9e de lecture estim\u00e9e\" \/>\n\t<meta name=\"twitter:data1\" content=\"3 minutes\" \/>\n<script type=\"application\/ld+json\" class=\"yoast-schema-graph\">{\"@context\":\"https:\/\/schema.org\",\"@graph\":[{\"@type\":\"WebSite\",\"@id\":\"https:\/\/kia-kaha.fr\/#website\",\"url\":\"https:\/\/kia-kaha.fr\/\",\"name\":\"Kia Kaha\",\"description\":\"Slogan Vincent\",\"potentialAction\":[{\"@type\":\"SearchAction\",\"target\":{\"@type\":\"EntryPoint\",\"urlTemplate\":\"https:\/\/kia-kaha.fr\/?s={search_term_string}\"},\"query-input\":\"required name=search_term_string\"}],\"inLanguage\":\"fr-FR\"},{\"@type\":\"ImageObject\",\"@id\":\"https:\/\/kia-kaha.fr\/?page_id=90#primaryimage\",\"inLanguage\":\"fr-FR\",\"url\":\"http:\/\/kia-kaha.fr\/wp-content\/uploads\/2022\/02\/LogosPartenairesActivites.jpg\",\"contentUrl\":\"http:\/\/kia-kaha.fr\/wp-content\/uploads\/2022\/02\/LogosPartenairesActivites.jpg\"},{\"@type\":\"WebPage\",\"@id\":\"https:\/\/kia-kaha.fr\/?page_id=90#webpage\",\"url\":\"https:\/\/kia-kaha.fr\/?page_id=90\",\"name\":\"Histoire - Kia Kaha\",\"isPartOf\":{\"@id\":\"https:\/\/kia-kaha.fr\/#website\"},\"primaryImageOfPage\":{\"@id\":\"https:\/\/kia-kaha.fr\/?page_id=90#primaryimage\"},\"datePublished\":\"2022-01-30T14:27:45+00:00\",\"dateModified\":\"2022-03-14T12:58:09+00:00\",\"breadcrumb\":{\"@id\":\"https:\/\/kia-kaha.fr\/?page_id=90#breadcrumb\"},\"inLanguage\":\"fr-FR\",\"potentialAction\":[{\"@type\":\"ReadAction\",\"target\":[\"https:\/\/kia-kaha.fr\/?page_id=90\"]}]},{\"@type\":\"BreadcrumbList\",\"@id\":\"https:\/\/kia-kaha.fr\/?page_id=90#breadcrumb\",\"itemListElement\":[{\"@type\":\"ListItem\",\"position\":1,\"name\":\"Accueil\",\"item\":\"https:\/\/kia-kaha.fr\/\"},{\"@type\":\"ListItem\",\"position\":2,\"name\":\"Histoire\"}]}]}<\/script>\n<!-- \/ Yoast SEO plugin. -->","yoast_head_json":{"title":"Histoire - Kia Kaha","robots":{"index":"index","follow":"follow","max-snippet":"max-snippet:-1","max-image-preview":"max-image-preview:large","max-video-preview":"max-video-preview:-1"},"canonical":"https:\/\/kia-kaha.fr\/?page_id=90","og_locale":"fr_FR","og_type":"article","og_title":"Histoire - Kia Kaha","og_description":"HISTOIRE KIA KAHA a \u00e9t\u00e9 fond\u00e9 en 2021 par Vincent DELMAS ; Apr\u00e8s plus de 15 ans pass\u00e9s dans l\u2019Ev\u00e9nementiel Sportif, ce dernier a d\u00e9cid\u00e9 de renoncer \u00e0 son poste de Directeur du Programme Voyages Officiel Coupe du Monde France 2023 apr\u00e8s en avoir assur\u00e9 la mise en place et assur\u00e9 un succ\u00e8s historiquement jamais&hellip; Poursuivre la lecture Histoire","og_url":"https:\/\/kia-kaha.fr\/?page_id=90","og_site_name":"Kia Kaha","article_modified_time":"2022-03-14T12:58:09+00:00","og_image":[{"url":"http:\/\/kia-kaha.fr\/wp-content\/uploads\/2022\/02\/LogosPartenairesActivites.jpg"}],"twitter_card":"summary_large_image","twitter_misc":{"Dur\u00e9e de lecture estim\u00e9e":"3 minutes"},"schema":{"@context":"https:\/\/schema.org","@graph":[{"@type":"WebSite","@id":"https:\/\/kia-kaha.fr\/#website","url":"https:\/\/kia-kaha.fr\/","name":"Kia Kaha","description":"Slogan Vincent","potentialAction":[{"@type":"SearchAction","target":{"@type":"EntryPoint","urlTemplate":"https:\/\/kia-kaha.fr\/?s={search_term_string}"},"query-input":"required name=search_term_string"}],"inLanguage":"fr-FR"},{"@type":"ImageObject","@id":"https:\/\/kia-kaha.fr\/?page_id=90#primaryimage","inLanguage":"fr-FR","url":"http:\/\/kia-kaha.fr\/wp-content\/uploads\/2022\/02\/LogosPartenairesActivites.jpg","contentUrl":"http:\/\/kia-kaha.fr\/wp-content\/uploads\/2022\/02\/LogosPartenairesActivites.jpg"},{"@type":"WebPage","@id":"https:\/\/kia-kaha.fr\/?page_id=90#webpage","url":"https:\/\/kia-kaha.fr\/?page_id=90","name":"Histoire - Kia Kaha","isPartOf":{"@id":"https:\/\/kia-kaha.fr\/#website"},"primaryImageOfPage":{"@id":"https:\/\/kia-kaha.fr\/?page_id=90#primaryimage"},"datePublished":"2022-01-30T14:27:45+00:00","dateModified":"2022-03-14T12:58:09+00:00","breadcrumb":{"@id":"https:\/\/kia-kaha.fr\/?page_id=90#breadcrumb"},"inLanguage":"fr-FR","potentialAction":[{"@type":"ReadAction","target":["https:\/\/kia-kaha.fr\/?page_id=90"]}]},{"@type":"BreadcrumbList","@id":"https:\/\/kia-kaha.fr\/?page_id=90#breadcrumb","itemListElement":[{"@type":"ListItem","position":1,"name":"Accueil","item":"https:\/\/kia-kaha.fr\/"},{"@type":"ListItem","position":2,"name":"Histoire"}]}]}},"_links":{"self":[{"href":"https:\/\/kia-kaha.fr\/index.php?rest_route=\/wp\/v2\/pages\/90","targetHints":{"allow":["GET"]}}],"collection":[{"href":"https:\/\/kia-kaha.fr\/index.php?rest_route=\/wp\/v2\/pages"}],"about":[{"href":"https:\/\/kia-kaha.fr\/index.php?rest_route=\/wp\/v2\/types\/page"}],"author":[{"embeddable":true,"href":"https:\/\/kia-kaha.fr\/index.php?rest_route=\/wp\/v2\/users\/1"}],"replies":[{"embeddable":true,"href":"https:\/\/kia-kaha.fr\/index.php?rest_route=%2Fwp%2Fv2%2Fcomments&post=90"}],"version-history":[{"count":14,"href":"https:\/\/kia-kaha.fr\/index.php?rest_route=\/wp\/v2\/pages\/90\/revisions"}],"predecessor-version":[{"id":495,"href":"https:\/\/kia-kaha.fr\/index.php?rest_route=\/wp\/v2\/pages\/90\/revisions\/495"}],"wp:attachment":[{"href":"https:\/\/kia-kaha.fr\/index.php?rest_route=%2Fwp%2Fv2%2Fmedia&parent=90"}],"curies":[{"name":"wp","href":"https:\/\/api.w.org\/{rel}","templated":true}]}}